5. Let t be -4 - (3 - -3)/6. What is f(t)?
19
Let t = -252 - -253. Let d(f) = 52*f + 2. Calculate d(t).
54
Let p(r) be the first derivative of -r**4/4 + r**3/3 + r**2/2 - 12. Let k = -9983 - -9983. Determine p(k).
0
Let f = -485 + 488. Suppose f*n + 2*n = 5*i - 10, -5*i - n = -10. Let c(b) = -4*b + 5. Calculate c(i).
-3
Let g(p) = -26*p**3 - 9*p**2 - 9*p - 27. Let s(j) = 17*j**3 + 6*j**2 + 7*j + 19. Let x(v) = 5*g(v) + 7*s(v). Give x(1).
-12
Let s be (-490)/42 - (-4)/(-12). Let i(m) = -6*m - 92. Determine i(s).
-20
Suppose -2*d + 4*d - 12 = 0. Let m(j) be the third derivative of -j**5/120 - 23*j**3/2 + j**2 + 145. Let g(l) be the first derivative of m(l). Give g(d).
-6
Let k(j) = -2*j + 1. Let x(r) be the first derivative of r**3/3 + 17*r**2/2 + 48*r - 50. Let o be x(-13). What is k(o)?
9
Let d be 3*3*((-2)/144)/((-59)/236). Let g(o) be the second derivative of 20*o + 5/6*o**3 - 1/20*o**5 + 0 - d*o**2 + 1/2*o**4. Calculate g(7).
-15
Let m be 21 - 22 - (10 - 1) - (-21 + 24). Let f(x) = x**3 + 11*x**2 - 26*x + 7. Calculate f(m).
7
Let u(y) be the second derivative of -y**5/20 + 7*y**4/12 - 7*y**3/3 + 23*y**2/2 - 438*y - 1. Calculate u(5).
3
Let w be (-11 + 26)*(-1)/(-3). Let v be (-1 + 1)/(9 - 7). Let u(l) = v*l + 0*l - l + 1 + 0*l. Determine u(w).
-4
Let o(k) = 37*k**2 - 280*k + 575. Let n(x) = 3*x**2 - 23*x + 48. Let c(b) = 25*n(b) - 2*o(b). Determine c(6).
-4
Suppose -u - 2*j = -0*u + 11, -5*u + 2*j - 43 = 0. Let x be 0/(0 - 7 - u). Let n(h) = -h**3 - 14. Give n(x).
-14
Let c(g) = 0*g - 3*g - 3 + 4*g. Suppose -5*p = 3*v - 5011, -4*v = -2*v - 2*p - 3314. Suppose 7*w - 1683 = -v. What is c(w)?
0
Let h(q) = -3*q**2 + 4*q - 3. Let n(o) = -17*o**2 + 20*o - 14. Suppose 0 = -3*z - 3*t + 6*t - 3, -z + 2*t = 4. Let y(g) = z*n(g) - 11*h(g). What is y(-7)?
-16
Let q(v) = v**3 + 4*v**2 + 2*v - 1. Suppose -4*x - 18 = -2*h, -5*x - 3*h + 13 = 8. Determine q(x).
3
Let u(h) = -120*h - 4 - 6 + 121*h. Let v(b) = 8. Let k(x) = 6*u(x) + 7*v(x). Calculate k(3).
14
Let o(a) = -a**3 - 7*a**2 - 10*a + 8. Let c = 1517 + -1522. Determine o(c).
8
Let l(s) = s**2 - 7*s + 6. Let y(p) = -2*p + 24. Let g be y(12). Suppose 4*m - m = g. Suppose 2*x + 4*j - 32 = -x, m = x - 3*j + 11. Determine l(x).
-6
Let d(z) = -9*z + 129. Let r(b) = 17*b - 248. Let o(p) = -5*d(p) - 3*r(p). Determine o(16).
3
Let u(c) = c**3 - 5*c**2 + c + 8. Let g be (9/(-12) + 2)/(188/752). Calculate u(g).
13
Let r be 3*(9/24 - 47/(-24)). Suppose -4*t + 3*t = 3*s + 5, t = -5*s - r. Let n(d) = -12*d. Calculate n(s).
12
Let q(o) = -41*o - 833. Let s(u) = -10*u - 207. Let i(r) = -4*q(r) + 17*s(r). Calculate i(-31).
-1
Let h = -96 + 10. Let l be h/(-10) + 0 + (-2)/(-5). Suppose m + 4*g + 6 = 0, 5*m + 2*g + l = -21. Let w(y) = -y**3 - 5*y**2 + 6*y + 9. Calculate w(m).
9
Let d(f) be the third derivative of -f**5/60 - f**4/6 + 2*f**3/3 + f**2. Let s = 178199 - 178203. Determine d(s).
4
Let l(m) = 2*m - 460. Let q(i) = -i + 117. Let g(d) = -3*l(d) - 11*q(d). Calculate g(-19).
-2
Let f(s) be the third derivative of s**6/120 - 11*s**5/30 - 49*s**4/24 + 31*s**3/6 + 4*s**2 - 951. Calculate f(24).
7
Let j = 216 + -208. Let n(y) = 2 - 15*y + 11*y + 10*y - j. Give n(5).
24
Let n(t) = t**2 - 32*t - 24. Let y be 245/98 + (-122)/(-4). Calculate n(y).
9
Let y(w) = 6*w**2 - 2*w - 5. Let q be ((-30)/75*1)/((-2)/(-15)). Calculate y(q).
55
Let l(v) = -41*v + 28. Let s be (9/1)/((-6705)/(-1490)). What is l(s)?
-54
Let h(p) be the second derivative of p**3/2 + 3*p**2/2 + 1437*p. Give h(0).
3
Let b(t) be the third derivative of t**5/60 + 23*t**4/24 + 89*t**3/6 - 440*t**2 + 3*t + 1. Calculate b(-5).
-1
Let d(m) = m**3 - 18*m**2 - 2*m + 16. Suppose i - 21 = -u, -2*u = -5*i + 37 + 47. Calculate d(i).
-20
Suppose -3*q + 19 = -45*c + 40*c, 3*c - 11 = 5*q. Let l(m) = -25*m - 208. Give l(c).
-8
Let k(v) be the first derivative of 2*v**3/3 - 33*v**2/2 + 62*v - 2384. Give k(14).
-8
Let n be 6 + -5 - (0 + (-6)/2). Suppose 5*v - 3*i = 20, n*i + 4 = -3*v + 16. Suppose -v*b + 3*b - 2 = 0. Let q(k) = k**3 + k**2 - 2*k - 2. Give q(b).
-2
Let l(v) = v**2 - 6*v - 7. Let r = 2183 + -2176. Calculate l(r).
0
Let d(y) = 36*y**2 + 532*y - 19. Let v(w) = 18*w**2 + 288*w - 10. Let t(k) = -5*d(k) + 9*v(k). Determine t(-4).
-11
Let m(k) = -k**2 - 4*k - 5. Suppose -8*h - 80 = -80. Determine m(h).
-5
Let a(h) = 2*h**3 + 32*h**2 - 35*h - 19. Let x be a(-17). Let g(z) = 9*z + 2. Calculate g(x).
-16
Let w(b) be the third derivative of -b**5/60 + 7*b**4/12 - 2*b**3/3 - 1403*b**2. What is w(9)?
41
Let d = 7 + 2. Suppose 0 = -6*a + 3*a - d. Let u(o) = o**2 + 4*o + 4. What is u(a)?
1
Suppose 861 = -11*r + 619. Let v(x) = x**3 + 24*x**2 + 42*x - 27. Give v(r).
17
Let j(q) = -2*q**3 + q**2. Let i be -3*4/36 - 256/(-3). Suppose -5*s + 0 = -i. Suppose -s + 4 = 13*l. Determine j(l).
3
Let w(b) = b**3 - b**2 - b + 1. Let u(q) = 3*q**3 - 5*q**2 - 2*q + 3. Let d(z) = u(z) - 4*w(z). Suppose 82*j - 78*j = 12. Suppose j = -2*n - 1. Determine d(n).
-1
Let n(l) = l - 4. Let r(w) be the third derivative of w**6/120 + w**4/12 + 7*w**3/3 - 2*w**2. Let u be r(0). Let p = u + -11. Give n(p).
-1
Let f(i) be the third derivative of -i**5/30 + i**4/12 + 5*i**3 + 67*i**2 + 2*i. Determine f(7).
-54
Let c = -20804 + 20804. Let m(o) = -13*o - 19. What is m(c)?
-19
Let r(i) be the third derivative of -i**4/24 - i**3/6 + 2*i**2. Suppose -35*q + 32 = -51*q. Let f be 1/(11/q) - (-1420)/(-781). Give r(f).
1
Let s = 43 + -45. Let b(g) be the third derivative of -g**8/10080 + g**6/720 - 3*g**5/20 + 14*g**2. Let x(f) be the third derivative of b(f). Give x(s).
-7
Let t(j) = -58*j**3 - 21*j**2 - 6*j + 40. Let l(o) = 78*o**3 + 20*o**2 + 7*o - 41. Let y(n) = 3*l(n) + 4*t(n). Give y(12).
1
Let d be (2 - (4 - 0))/((-4)/6). Let i(c) = 26*c**3 - 2*c**2 - 2 - c + 2*c**2 - 25*c**d. Calculate i(0).
-2
Let i(v) = -v**3 + 32*v**2 + 31*v + 64. Let q be i(33). Let n(x) = -3*x**2 - 12*x - 17. Let y(s) = s**2 + 3*s + 4. Let h(b) = 2*n(b) + 9*y(b). Give h(q).
8
Let j(u) = -u - 303 + 875 - 329 - 296. What is j(24)?
-77
Let o(j) = j**3 + 12*j**2 - 12*j + 7. Let s be o(-13). Let x(l) = l - 4. Let z(m) = -m + 5. Let d(g) = 3*x(g) + 2*z(g). What is d(s)?
-8
Suppose -14*k = -23*k. Suppose k = -14*g - 50 - 20. Let v(f) = -f**2 - 3*f - 3. What is v(g)?
-13
Let d(b) = -4*b + 3. Let v(u) = -2*u - 21. Let c(l) = 6*d(l) + v(l). Give c(2).
-55
Let d(i) = 3*i + 6. Let n(v) be the third derivative of -v**6/120 + 4*v**5/15 - 29*v**4/24 + 3*v**3/2 - 121*v**2. Let f be n(14). Determine d(f).
-9
Let i(b) = b. Let p(z) = z - 7. Let n(j) = 3*i(j) - p(j). Let o(k) = k**3 + 8*k**2 + 9*k + 9. Let q be o(-7). Determine n(q).
-3
Suppose -l + 2*l = 4*r, 5*r - 17 = -3*l. Suppose 7 = 2*t + r. Let g(u) = 385*u**3 - 386*u**3 + 2 - 5 + 4*u**2. Determine g(t).
6
Suppose 5*y + 12 = m - 8, -2*y - 8 = -m. Let l = m - -3. Let o(p) = 6326*p - 18965*p + p**2 + 6319*p + 6318*p - 1. Calculate o(l).
2
Let z(q) = -5*q - 131. Let m(v) = 5*v**2 - 4*v - 91. Let l be m(4). Give z(l).
4
Let x(r) = 1756 - 5230 + 1755 - r + 1751. What is x(-6)?
38
Suppose 64*z + 3716 = 3908. Let m(o) be the first derivative of -3*o**2 + 34 - o + 2/3*o**z. Calculate m(5).
19
Let w(q) be the second derivative of -q**5/60 - 3*q**4/8 - 41*q**3/2 - q**2/2 - 96*q. Let o(b) be the second derivative of w(b). What is o(-10)?
11
Suppose 4*l + 2*r = -2, 2*r + 2 = -4*l + 5*l. Let y(b) = -b**2 - 3*b. Let x be y(l). Let p be 12/(-12)*x/1. Let h(k) = k**3 - k + 1. Determine h(p).
1
Suppose -8 + 48 = 4*x. Let b be (x - 1) + (-12 - -10). Let v(k) = -k**2 + 6*k - 5. What is v(b)?
-12
Let o(a) = a**3 - a**2 - 2*a - 1. Let p = -6 - -4. Let b be o(p). Let x(s) = 25*s + 8*s + 11 - 52*s + 11*s + 9*s. Determine x(b).
2
Let h = -689 - -682. Let s(q) = -6*q - 35. Let l be s(h). Let g(z) = -z**3 + 8*z**2 - 9*z + 1. Calculate g(l).
-13
Let p(k) = 6 + 29*k**2 - 10*k - 39*k**2 - 7738*k**3 + 7737*k**3. Determine p(-9).
15
Let i(x) be the second derivative of x**7/840 - x**6/60 + x**4/12 - 35*x**3/2 + 29*x - 1. Let l(o) be the second derivative of i(o). Give l(6).
2
Suppose -15*t - 306 = -276. Let i(l) = -11*l - 9. Determine i(t).
13
Suppose 26*p - 20*p = 54. Let x(f) = 5778 + 2*f - 5777 + p*f**2 - 4*f. What is x(1)?
8
Let w(j) be the first derivative of -4*j**3/3 + 3*j**2 + 13*j + 7002. Give w(3).
-5
Let f